3, 7
Let l = 110 - -164. What are the prime factors of l?
2, 137
Let k = 42 + -24. Suppose k = 3*d + 3. What are the prime factors of d?
5
Suppose 0 = 4*v - 4*l - 4, -2*v - v - 5*l + 11 = 0. What are the prime factors of (12/(-7))/(v/(-14))?
2, 3
Suppose 15 = -6*c + 3*c. What are the prime factors of 5/(c/2) + 11?
3
Let h(n) = -n**3 + 24*n**2 + 27*n + 9. What are the prime factors of h(25)?
59
Suppose -p - 5*j - 6 = 3, 2*p - 18 = -j. List the prime factors of p.
11
Suppose -5*w = 5*x + 35, 3*w - 21 = 2*x - 2*w. Let v(g) = -g + 21. Let c be v(9). Let k = c + x. What are the prime factors of k?
2
What are the prime factors of 1 + (-3 + 3 - -44)?
3, 5
Let q be (-10)/8*(-8)/(-2). Let y = -1 - q. What are the prime factors of (y/(-2))/(3/(-21))?
2, 7
Let j = 6 - 15. Let g = j + -2. Let v = 0 - g. What are the prime factors of v?
11
What are the prime factors of (146/1)/2 + -1?
2, 3
Let j(t) = -t + 1. Let z be j(-1). Suppose -z*g + 6 = 2. Suppose -m - 3*i + 31 = m, -27 = -g*m + i. List the prime factors of m.
2, 7
Let h(z) = -8*z**3 + 1. Let d be h(-1). Suppose -d = -5*n + 11. What are the prime factors of n?
2
Suppose -3*t = -4*t + 1. Let u be t/(-2)*2 + 7. Let f = u + 3. List the prime factors of f.
3
Let a be -2 + 8 + 12/(-4). Suppose 0 = -3*u + 15, 0*k + 3*k + a*u - 105 = 0. List the prime factors of k.
2, 3, 5
Suppose 4*s = -0*s. What are the prime factors of 31 + 2 + -3 - s?
2, 3, 5
Let w(m) = 2*m**2 + 7*m + 5. Let g(x) = -x**3 - 4*x**2 + 5*x - 4. Let c(b) = -b - 11. Let k be c(-6). Let n be g(k). What are the prime factors of w(n)?
3
Let s be ((-2)/4)/(1/(-188)). Suppose 5*h = -3*w + 39 + 80, 4*h = -2*w + s. What are the prime factors of h?
2, 11
Let m(u) = 6*u - 1. Let t be m(4). Suppose -2*x = -25 - t. What are the prime factors of x?
2, 3
Suppose -2*r + 20 = -0*g + g, 4*r = -5*g + 118. What are the prime factors of g?
2, 13
Suppose 0*q + k = q + 1, -1 = 3*q - 5*k. Let z be 1*(q - (0 + 2)). What are the prime factors of (-18)/z*12/9?
2, 3
Suppose 5*m + 185 = -25. Let p = m - -65. What are the prime factors of p?
23
Suppose -19*v = -17*v - 60. List the prime factors of v.
2, 3, 5
List the prime factors of (-2 - -2 - -26) + 3.
29
Let f(g) = -g**2 - 17*g + 24. What are the prime factors of f(-17)?
2, 3
Let o(q) = 2*q - 8. Let g be o(-10). Let r = g - -40. List the prime factors of r.
2, 3
Suppose -43 = -5*g + 42. What are the prime factors of g?
17
Suppose -4*m - 3*d - 61 = -0*d, 3*m = -3*d - 48. Suppose 2*l - 41 = l - 5*q, -3*l + 63 = -5*q. Let g = l + m. What are the prime factors of g?
13
Let v be (-1)/(-3) + 22/6. Suppose -b - 6 = -2*q, -v*b = 4*q - 13 - 11. Suppose 3*o = -12, -y = -b*o + 4*o - 4. What are the prime factors of y?
2, 3
Let m(v) = -v**2 + 3 - 6*v + 0 - v. Let i be m(-6). Let w = i + -2. List the prime factors of w.
7
Suppose -4 + 1 = -f, 0 = -3*h + 2*f + 51. What are the prime factors of h?
19
Let p be (1 + 0)/(1 - 0). Suppose -n + 4 = 5*y, -7 = -5*n - y + 13. Suppose o + p = -2*u, 0 = -n*o + u + 2*u + 29. List the prime factors of o.
5
Let r be ((-6)/9)/((-1)/30). Suppose 5*s - q - r = 2*q, -4*q + 12 = 3*s. Suppose -s*d + 17 + 15 = 0. What are the prime factors of d?
2
Suppose 36 + 17 = x. What are the prime factors of x?
53
Let x = 461 - 289. What are the prime factors of x?
2, 43
Let l(u) = u**2 + 2*u + 48. Let v be l(0). Suppose 0 = 7*y - v - 288. List the prime factors of y.
2, 3
Let b(q) = -q**3 + 7*q**2. Let i be b(7). Suppose 2*p = -8, i = u + 3*u - 2*p - 44. List the prime factors of u.
3
Let c = -78 + 111. Suppose c = -4*i + 105. What are the prime factors of i?
2, 3
Let j(u) be the first derivative of u**4/4 - 2*u**3/3 - 3*u**2 + 2*u - 1. What are the prime factors of j(4)?
2, 5
Let c(x) = 32*x. List the prime factors of c(1).
2
Let p be (0 - -1) + 4 + -1. Let h = 34 + p. List the prime factors of h.
2, 19
Let v = -1 + 4. Suppose -v*g + 5*g = 8. What are the prime factors of g?
2
Let v = 110 + -47. List the prime factors of v.
3, 7
Let x(b) = 2*b**2 - b - 3. Let j = 3 + 0. List the prime factors of x(j).
2, 3
Let k(s) = s**3 + 5*s**2 + 5*s + 2. Let v be k(-3). Suppose -p = 5, 4*u - p + 10 = v*u. What are the prime factors of u?
3, 5
Suppose 0 = -2*y + 2*f + 13 + 1, -f = -5*y + 31. Let b(i) = -2 - i + 0*i + 3*i. What are the prime factors of b(y)?
2, 5
Suppose 1 = 3*g + 5*a + 8, 2*g + a = 0. Let u be -1 + g - (-4)/2. What are the prime factors of ((-22)/8)/(u/(-8))?
11
Let k(m) = m**2 + 7*m + 1. Let q be k(-8). Let b = q + 4. List the prime factors of b.
13
Let o = -142 - -176. What are the prime factors of o?
2, 17
Let s(m) = 97*m + 7. What are the prime factors of s(2)?
3, 67
Suppose 4*x + 2*p - 6 = 0, 3*x + 0*p - p = -3. Suppose -5*c - 6 + 16 = x. What are the prime factors of c?
2
Let o = 16 - -7. List the prime factors of o.
23
Suppose 3 = -t - 0. List the prime factors of 4 + (-1 - (3 + t)).
3
Suppose 3*y - t - 3 = 12, 2*y - t - 11 = 0. Suppose -45 = -r - y*r. What are the prime factors of r?
3
Suppose 0 = -2*f + 2 + 2. Let m = 8 + f. List the prime factors of m.
2, 5
Suppose -2*j + 64 + 83 = -p, -2*p = 2*j - 138. Suppose j = -k + 5*k. List the prime factors of k.
2, 3
Let c(x) = -x**3 - 7*x**2 + 8*x + 8. Let t(r) = -r**2 + r + 4. Let u be t(-3). List the prime factors of c(u).
2
Let n = 1 + 0. Suppose r = -n + 5. Suppose r = 2*o - 4. List the prime factors of o.
2
Let x be 58/3 + (-2)/(-3). Suppose -w = -2*w + x. Suppose -3*j + 5*z + 15 = -0*z, 0 = 4*j + 5*z - w. What are the prime factors of j?
5
Suppose q + 2 = 2*q. Let x(u) = 4*u**3. Let k be x(1). Suppose k*l + 11 = -z, q*l - 26 = -0*z - 4*z. List the prime factors of z.
3
Let g = 12 - 6. Let a(m) be the first derivative of m**3/3 - 7*m**2/2 + 9*m + 1. What are the prime factors of a(g)?
3
Suppose 3*l + 4*u - 38 = 0, -u - 15 = -0*l - l. What are the prime factors of l?
2, 7
Let a = -4 + 9. Suppose -5*m - 52 = -5*w + w, -2*w + a*m + 36 = 0. What are the prime factors of w?
2
Let h be (2 + -1)*1 - -1. Suppose h*w + 0*w = 18. List the prime factors of w.
3
Let h(c) = 5*c + 5. Let l(y) = -6*y - 6. Suppose z - m = -11, -18 - 16 = 4*z - 2*m. Let n(v) = z*l(v) - 7*h(v). List the prime factors of n(8).
3
Let o be (0/3 + -1)/1. Let k = 26 - o. What are the prime factors of k?
3
Let d(g) = 6*g + 7. Let u(k) = 3*k + 4. Let w(n) = -2*d(n) + 5*u(n). Let h be w(8). Suppose -2*j + h = 4*q, -2*j = 2*q + 3 - 13. List the prime factors of q.
2, 5
List the prime factors of (-11)/(11/(-12)) + 2.
2, 7
Let n be (-1)/((-1)/(8 - 3)). Suppose n*k - 17 - 2 = -2*f, f + k = 5. List the prime factors of f.
2
Suppose 0 = -4*h + 4*o - 4, 16 = 4*h - 2*h + 4*o. Let r = h - -12. List the prime factors of r.
2, 7
Let d be ((-6)/(-15))/((-1)/(-125)). Suppose -7*g + 3*g + 12 = 0. Suppose 2*j = -g*j + d. What are the prime factors of j?
2, 5
Let z(f) = -12*f + 15. What are the prime factors of z(-11)?
3, 7
Let h = 16 + -6. List the prime factors of h.
2, 5
Suppose 4*j = 5*t + 116 - 47, -2*t = 2. List the prime factors of j.
2
Let f = 85 - -19. List the prime factors of f.
2, 13
Suppose 0 = -3*a + a + 110. What are the prime factors of a?
5, 11
Suppose 0 = 4*s - 413 - 279. What are the prime factors of s?
173
Suppose 5*o - 432 = o. What are the prime factors of o?
2, 3
Suppose k + 11 = -3*d + 2*k, -2*d - 18 = 2*k. List the prime factors of (-6)/(-1)*(-10)/d.
2, 3
Let c = 22 + -45. Let w = c - -37. What are the prime factors of w?
2, 7
Let n = 36 - -71. List the prime factors of n.
107
List the prime factors of (-2)/7*(-739 + 32).
2, 101
What are the prime factors of 2626/10 + (72/30)/6?
263
Let a = -1 + 59. List the prime factors of a.
2, 29
Let v(q) = -q**3 + q**2. Let g be v(1). Let i = 32 - 4. Suppose -4*x + g*x + i = 0. What are the prime factors of x?
7
Let g(o) = 3*o**2 + 1. Let h be g(1). Suppose 5*b - h*n - 20 = 0, -10 = 3*b + 2*n - 0*n. What are the prime factors of (b + -6)*2/(-6)?
2
Let q(t) = -t**2 - 7*t + 9. Suppose 22 - 1 = -3*m. Let d be q(m). What are the prime factors of 3*((-6)/d - -2)?
2
Let c = -361 - -512. What are the prime factors of c?
151
Let p(h) = 6*h**2 + 18*h + 21. What are the prime factors of p(-7)?
3, 7
Suppose 4*a - 1094 - 318 = 4*j, 5*a + 4*j = 1738. List the prime factors of a.
2, 5, 7
Let u be -4*(-3*1)/3. Suppose 0 = -2*f + 5*b - u*b + 37, 3*f + 2*b -